2*m - 93, -3*m - 54 = 3*b - 6*b. Let v = 1 + 16. Let z = b - v. What is the remainder when 4 is divided by z?
0
Suppose -2*u + 5669 = 7*j, -2*j - 2*u + 1624 = -0*u. Calculate the remainder when j is divided by 116.
113
What is the remainder when 600 - (96/(-30) + 8/(-10)) is divided by 95?
34
Let r = 155 + -286. Let u = -14 - r. What is the remainder when u is divided by 12?
9
Let b be 4 - 1*(2 + -1). Suppose b*l - 5*l + 28 = 0. Suppose 115*h - 883*h = -31488. Calculate the remainder when h is divided by l.
13
Suppose 800 = v + 4*v. Let r = 5916 + -5886. Calculate the remainder when v is divided by r.
10
Let t(x) = x. Let a(y) = 10*y + 4. Let z(k) = 2*a(k) - 22*t(k). Let v be z(-4). Let b = -7 + v. What is the remainder when 30 is divided by b?
3
Let l be -1 + 10 - (76 + -70). Suppose 2*f + 2*x - 50 = -2*f, -l*f = 4*x - 25. Calculate the remainder when 116 is divided by f.
11
Suppose -5*p - b = -1369, -3*b + 6*b - 558 = -2*p. Let m = -185 + p. What is the remainder when m is divided by 7?
4
Calculate the remainder when 1049 is divided by 51 + -13 + -22 - 3*(-2)/(-2).
9
Let v be 2 + (-2)/((-10)/985). Let p = v + -99. Suppose 5*b = -2*u + p, -5*b = -4*u + 3*u - 115. Calculate the remainder when 85 is divided by b.
19
Suppose -40 = 7*l - 2*l. Let f be (-7)/2*(1 + (-7 - l)). Calculate the remainder when (f - 0)*(-6 - -5) is divided by 2.
1
Let z = -253 + 369. Let b(w) = w**3 - 9*w**2 + 12*w - 2. Let y(o) = o + 15. Let u be y(-7). Calculate the remainder when z is divided by b(u).
26
Let l be (0 - -3 - 1) + 5. Suppose 131 - 5 = l*q. What is the remainder when 88 is divided by q?
16
Let u = 692 - 694. Let t(x) = 16*x**2 - 20*x - 37. Suppose 11 - 1 = c. Calculate the remainder when t(u) is divided by c.
7
Suppose 55*r - 3169 = 23946. Calculate the remainder when r is divided by 25.
18
Suppose 2*o = 2*d + 110, -3*d - 6 + 3 = 0. Let v = -31991 + 32015. What is the remainder when o is divided by v?
6
Let b be 0 + (-6)/(-9)*3 + -182. Let q = -149 - b. What is the remainder when 121 is divided by q?
28
Suppose -78470 = -8*n - 30*n. Calculate the remainder when n is divided by 109.
103
Suppose -14 = -2*n + s, 2*s + 2*s = 5*n - 29. Suppose 1 = -2*g - n, -5*v = 2*g - 85. Let d = v + -3. What is the remainder when 45 is divided by d?
13
Let u = -1 - -2. Suppose -411*x + 1268 = 943 - 2552. What is the remainder when x is divided by u?
0
Let o be (13/39)/(1/9). Let f(b) = -b + 29. Let c(w) = -15. Let d(z) = o*f(z) + 7*c(z). Calculate the remainder when 93 is divided by d(-10).
9
Let l(d) = d**2 + 16*d - 7. Let g be l(-5). Let b = g - -64. Let j(u) = -u**3 - 3*u**2 - 8*u - 6. What is the remainder when j(-2) is divided by b?
0
Let h be (4/1)/(2/9). Suppose h*u = 22*u. What is the remainder when 87 is divided by u/2 + 0 - 1 - -45?
43
Let g = 268 + -270. Let z = g + 32. Let y(t) = 8*t**3. Calculate the remainder when z is divided by y(1).
6
Suppose 0 = 13*r - 3*r - 520. Let q = -51 + r. Calculate the remainder when 133 is divided by 184/20*q*5.
41
Suppose -52*i + 51*i = -19. Suppose -i = -2*m + 21. Calculate the remainder when 35 is divided by m.
15
Let x(n) be the second derivative of n**4/12 - 5*n**3/6 + 64*n**2 - 190*n. Calculate the remainder when x(-15) is divided by 24.
20
Let a = 12 + -10. Suppose 9*c - 8*c - a*s - 20 = 0, c - 6 = -5*s. What is the remainder when 74 is divided by c?
10
Suppose 3*f = -3*b + 81, -4*f + 0*b + 106 = 2*b. Calculate the remainder when 492 is divided by f.
24
Suppose 0 = -z - 5 + 9. Suppose -3*r - 15 = -8*r. Suppose -2*b - 34 = -z*b + 3*l, r*b - 4*l - 50 = 0. What is the remainder when 54 is divided by b?
12
Let d(k) = -k**3 - 12*k**2 + 4*k - 13. Suppose 4*g + 52 = -0*g. Calculate the remainder when d(g) is divided by 27.
23
Let s(l) = 5*l**2 - 16*l + 18. Let p(u) = -9*u + 103. Let y be p(11). Calculate the remainder when s(y) is divided by 12.
10
Suppose -165*d - 208*d + 209118 + 548818 = 0. What is the remainder when d is divided by 55?
52
Let q = 996 - 920. What is the remainder when 821 is divided by q?
61
Let d(y) = 38*y**2 - 29*y + 30. What is the remainder when 892 is divided by d(1)?
34
Let h = -5810 - -5819. Calculate the remainder when 627 is divided by h.
6
What is the remainder when 18399 is divided by ((-222)/(-18) + -11)/(2/24)?
15
Let f = -38 + 66. Suppose -d = -60*y + 56*y + 439, 444 = 4*y + 4*d. What is the remainder when y is divided by f?
26
Let v = -16 + 26. Suppose 3*q - 29 = -5*w, -2*w - 17 = -3*q - 4*w. Let f(k) = 3*k**2 + k - 4. What is the remainder when f(q) is divided by v?
6
Suppose -53550 - 46818 = -72*p. What is the remainder when p is divided by 23?
14
Suppose 4*g + 5*b = -0*b - 8, -2*g - 2*b = 4. What is the remainder when 53 is divided by 28/12 + g - 411/(-9)?
7
Let f(v) = -v**2 + 48*v - 529. What is the remainder when 194 is divided by f(27)?
4
Let w(m) = 48*m**2 + 288*m - 870. Calculate the remainder when w(3) is divided by 99.
30
Suppose 4*t = 16, 2*t = 3*x - 899 + 835. Let i(d) = 71*d**2 + d + 1. What is the remainder when i(-1) is divided by x?
23
Suppose 9*p - 462 = -120. Suppose 0 = 5*k - 5*i - 195, 3*k = 2*i + p + 76. What is the remainder when 52 is divided by k?
16
Suppose -3136 = -4*c - 4*y, -28 = -143*y + 147*y. Calculate the remainder when c is divided by 12.
11
Suppose -4*a = 5*z - 10*z - 10436, -2*z + 10380 = 4*a. What is the remainder when a is divided by 516?
19
Let s(h) = -h**2 - 14*h + 20. Suppose 400 + 818 = 14*v. What is the remainder when v is divided by s(-15)?
2
Suppose -10*z = -5*z. Suppose -4*k + 133 + 335 = z. Suppose k = 2*y - 111. Calculate the remainder when y is divided by 39.
36
Suppose -5*h + 5*r + 255 = 0, 3*r = -4*h + 6*r + 210. What is the remainder when 155 is divided by h?
41
Let g = 526 - -347. Suppose -327*j + 322*j + 59*w - 357 = 0, j - 2*w - 7 = 0. Calculate the remainder when g is divided by j.
22
What is the remainder when 211 is divided by (-19296)/(-360) - (-2)/5?
49
Let j(t) = 3*t**2 + 23*t + 43. Let q be j(-2). Suppose -4*y - 2*x + q + 53 = 0, 2*y + 5*x = 19. What is the remainder when 95 is divided by y?
10
Let a(q) = 13*q**2 + 35*q - 83. Calculate the remainder when a(4) is divided by 117.
31
Suppose -159 = -12*w + 57. Calculate the remainder when 1889 is divided by w.
17
Let i(x) = 7*x**2 + x + 2. Let k be i(-1). Let t(a) = 4*a + 71. Suppose 0*v + 133 = 5*h + v, 3*h = 3*v + 69. What is the remainder when t(k) is divided by h?
25
Let v(h) = -h**3 - 10*h**2 - 11*h + 18. Let q = 92 + -90. Suppose 0*j + 40 = q*j. Calculate the remainder when v(-9) is divided by j.
16
Let b = -123 + 178. Suppose -12 = 4*g, b = -2*q + 6*q - g. What is the remainder when (-24)/5*(3 - q) is divided by 14?
6
Suppose 22*a - 3016 = -3*r, -424 = -3*a - 25*r + 23*r. Calculate the remainder when 425 is divided by a.
17
Suppose -8*d + d - 1360 = -47*d. Suppose -2*v + 6*v - 372 = 0. What is the remainder when v is divided by d?
25
Let j = 10521 - 10418. What is the remainder when j is divided by (2 + -1)*(2 + 11)?
12
Suppose 5*i - 57 = -45*y + 42*y, 0 = 4*y - 4*i - 12. Calculate the remainder when 2563 is divided by y.
7
Let t = 52 - 272. Let v = -206 - t. What is the remainder when 14 is divided by v?
0
Suppose 0 = 17*w - 383 - 93. Suppose -33*o + w*o + 70 = 0. Calculate the remainder when 75 is divided by o.
5
Suppose 2*a - 4*a + 4 = 0. Suppose -4*f + 50 = 5*w, -2*w + 4*f - a = w. Suppose 0 = 7*v - w*v - 55. What is the remainder when v is divided by 19?
17
Suppose 4*l = 17 + 43. Suppose -d = 0, -4*d = 27*a - 25*a + 82. Let p(x) = -x**2 - 42*x + 44. Calculate the remainder when p(a) is divided by l.
10
Let r be -2*25/(-10) + 4176/8. Suppose 0 = -11*u + 16*u - 3*k - r, 0 = -2*k - 8. Calculate the remainder when u is divided by ((-21)/6 + 2)*-18.
22
Let l(c) = -1011*c + 75. What is the remainder when l(-1) is divided by 82?
20
Suppose -4*t + 2*q = -7424, 4*q - 8 = t - 1843. Calculate the remainder when t is divided by 14.
11
Suppose -6*t = -6995 + 1199 - 5730. What is the remainder when t is divided by 16?
1
Let r = 8802 + -726. Suppose -39211 = -65*g - r. Calculate the remainder when g is divided by 16.
15
Calculate the remainder when 1088 is divided by (-8272)/(-68) - 1032/(-2924).
112
Let b(i) = -22*i**3 - i**2 + 4*i + 22. Calculate the remainder when b(-2) is divided by 2